{"id":11,"date":"2022-12-18T13:31:11","date_gmt":"2022-12-18T12:31:11","guid":{"rendered":"http:\/\/maklermaus.de\/?page_id=11"},"modified":"2023-02-23T17:27:31","modified_gmt":"2023-02-23T16:27:31","slug":"widerrufsbelehrung","status":"publish","type":"page","link":"https:\/\/maklermaus.de\/?page_id=11","title":{"rendered":"Widerrufsbelehrung"},"content":{"rendered":"\n<div class=\"wp-block-cover alignfull is-light\"><span aria-hidden=\"true\" class=\"wp-block-cover__background has-background-dim-0 has-background-dim\"><\/span><img loading=\"lazy\" decoding=\"async\" width=\"2560\" height=\"1902\" class=\"wp-block-cover__image-background wp-image-59\" alt=\"\" src=\"http:\/\/maklermaus.de\/wp-content\/uploads\/2022\/12\/MM_Hintergrund_HG_s-scaled.jpg\" style=\"object-position:57% 67%\" data-object-fit=\"cover\" data-object-position=\"57% 67%\" srcset=\"https:\/\/maklermaus.de\/wp-content\/uploads\/2022\/12\/MM_Hintergrund_HG_s-scaled.jpg 2560w, https:\/\/maklermaus.de\/wp-content\/uploads\/2022\/12\/MM_Hintergrund_HG_s-300x223.jpg 300w, https:\/\/maklermaus.de\/wp-content\/uploads\/2022\/12\/MM_Hintergrund_HG_s-1024x761.jpg 1024w, https:\/\/maklermaus.de\/wp-content\/uploads\/2022\/12\/MM_Hintergrund_HG_s-768x571.jpg 768w, https:\/\/maklermaus.de\/wp-content\/uploads\/2022\/12\/MM_Hintergrund_HG_s-1536x1141.jpg 1536w, https:\/\/maklermaus.de\/wp-content\/uploads\/2022\/12\/MM_Hintergrund_HG_s-2048x1522.jpg 2048w\" sizes=\"auto, (max-width: 2560px) 100vw, 2560px\" \/><div class=\"wp-block-cover__inner-container is-layout-flow wp-block-cover-is-layout-flow\">\n<p class=\"has-text-align-center has-large-font-size\"><\/p>\n<\/div><\/div>\n\n\n\n<h2 class=\"wp-block-heading\">Widerrufsbelehrung f\u00fcr Verbraucher, Widerrufsrecht:<\/h2>\n\n\n\n<p>Sie haben das Recht, binnen vierzehn Tagen ohne Angabe von Gr\u00fcnden diesen Vertrag zu widerrufen. Die Widerrufsfrist betr\u00e4gt vierzehn Tage ab dem Tag des Vertragsabschlusses. Um Ihr Widerrufsrecht auszu\u00fcben, m\u00fcssen Sie uns, Modus GmbH, Heinrich-B\u00fcssing-Ring 11, 38102 Braunschweig. info@maklermaus.de, mittels einer eindeutigen Erkl\u00e4rung (z.B. ein mit der Post versandter Brief oder E-Mail) \u00fcber Ihren Entschluss, diesen Vertrag zu widerrufen, informieren. Sie k\u00f6nnen daf\u00fcr das <a href=\"http:\/\/maklermaus.de\/wp-content\/uploads\/2022\/12\/Maklermaus_Widerrufsformular_DE.pdf\" data-type=\"attachment\" data-id=\"47\" target=\"_blank\" rel=\"noreferrer noopener\">beigef\u00fcgte Muster-Widerrufsformular<\/a> verwenden, das jedoch nicht vorgeschrieben ist. Zur Wahrung der Widerrufsfrist reicht es aus, dass Sie die Mitteilung \u00fcber die Aus\u00fcbung des Widerrufs rechts vor Ablauf der Widerrufsfrist absenden.<\/p>\n\n\n\n<p><br>Folgen des Widerrufs: Bei Vertragswiderruf zahlen wir Ihnen alle von Ihnen erhaltenen Zahlungen einschlie\u00dflich eventuell entstandener zus\u00e4tzlicher \u00dcberweisungskosten (mit Ausnahme der zus\u00e4tzlichen Kosten, die sich daraus ergeben, dass Sie eine andere \u00dcberweisungsart als die von uns angebotene, g\u00fcnstigste Art gew\u00e4hlt haben) unverz\u00fcglich und sp\u00e4testens innerhalb von vierzehn Tagen ab dem Tag, an dem die Mitteilung \u00fcber Ihren Widerruf dieses Vertrags bei uns eingegangen ist, zur\u00fcck. F\u00fcr diese R\u00fcckzahlung verwenden wir dasselbe Zahlungsmittel, das Sie bei der urspr\u00fcnglichen Transaktion eingesetzt haben, es sei denn, mit Ihnen wurde ausdr\u00fccklich etwas anderes vereinbart; in keinem Fall werden Ihnen wegen dieser R\u00fcckzahlung Entgelte berechnet. Sollten Sie verlangt haben, dass die Dienstleistungen w\u00e4hrend der Widerrufsfrist beginnen soll, so haben Sie uns einen angemessenen Betrag zu zahlen, der dem Anteil der bis zu dem Zeitpunkt, zu dem Sie uns von der Aus\u00fcbung des Widerrufsrechts hinsichtlich dieses Vertrags unterrichten, bereits erbrachten Dienstleistungen im Vergleich zum Gesamtumfang der im Vertrag vorgesehenen Dienstleistungen entspricht.<\/p>\n","protected":false},"excerpt":{"rendered":"<p>Widerrufsbelehrung f\u00fcr Verbraucher, Widerrufsrecht: Sie haben das Recht, binnen vierzehn Tagen ohne Angabe von Gr\u00fcnden diesen Vertrag zu widerrufen. Die Widerrufsfrist betr\u00e4gt vierzehn Tage ab dem Tag des Vertragsabschlusses. Um Ihr Widerrufsrecht auszu\u00fcben, m\u00fcssen Sie uns, Modus GmbH, Heinrich-B\u00fcssing-Ring 11, 38102 Braunschweig. info@maklermaus.de, mittels einer eindeutigen Erkl\u00e4rung (z.B. ein mit der Post versandter Brief oder [&hellip;]<\/p>\n","protected":false},"author":2,"featured_media":0,"parent":0,"menu_order":0,"comment_status":"closed","ping_status":"closed","template":"","meta":{"inline_featured_image":false,"footnotes":""},"class_list":["post-11","page","type-page","status-publish","hentry"],"_links":{"self":[{"href":"https:\/\/maklermaus.de\/index.php?rest_route=\/wp\/v2\/pages\/11","targetHints":{"allow":["GET"]}}],"collection":[{"href":"https:\/\/maklermaus.de\/index.php?rest_route=\/wp\/v2\/pages"}],"about":[{"href":"https:\/\/maklermaus.de\/index.php?rest_route=\/wp\/v2\/types\/page"}],"author":[{"embeddable":true,"href":"https:\/\/maklermaus.de\/index.php?rest_route=\/wp\/v2\/users\/2"}],"replies":[{"embeddable":true,"href":"https:\/\/maklermaus.de\/index.php?rest_route=%2Fwp%2Fv2%2Fcomments&post=11"}],"version-history":[{"count":5,"href":"https:\/\/maklermaus.de\/index.php?rest_route=\/wp\/v2\/pages\/11\/revisions"}],"predecessor-version":[{"id":82,"href":"https:\/\/maklermaus.de\/index.php?rest_route=\/wp\/v2\/pages\/11\/revisions\/82"}],"wp:attachment":[{"href":"https:\/\/maklermaus.de\/index.php?rest_route=%2Fwp%2Fv2%2Fmedia&parent=11"}],"curies":[{"name":"wp","href":"https:\/\/api.w.org\/{rel}","templated":true}]}}